{"id":19,"date":"2013-06-06T11:13:17","date_gmt":"2013-06-06T09:13:17","guid":{"rendered":"http:\/\/aeroclub-du-rouergue.com\/WordPress3\/?page_id=19"},"modified":"2015-10-24T09:01:15","modified_gmt":"2015-10-24T07:01:15","slug":"lhistoire-du-club","status":"publish","type":"page","link":"https:\/\/aeroclub-du-rouergue.com\/WordPress3\/lhistoire-du-club\/","title":{"rendered":"L&rsquo;histoire"},"content":{"rendered":"<h3><span style=\"color: #3366ff;\">Juin 1911 :<\/span><\/h3>\n<p><span style=\"color: #888888;\">D\u00e9buts de l&rsquo;activit\u00e9 a\u00e9ronautique \u00e0 Villefranche de Rouergue :<\/span><br \/>\n<span style=\"color: #888888;\"> pendant 3 jours des \u00ab\u00a0d\u00e9monstrations\u00a0\u00bb de vol moteur<\/span><br \/>\n<span style=\"color: #888888;\"> eurent lieu dans les pr\u00e9s de Treize-Pierres (actuellement magasin Leclerc)<\/span><br \/>\n<span style=\"color: #888888;\"> avec les aviateurs CHAUSSE et LUSETTI.<\/span><\/p>\n<p><img decoding=\"async\" class=\"aligncenter\" src=\"http:\/\/aeroclub-du-rouergue.com\/WordPress3\/wp-content\/gallery\/avions_historiques\/fete-1911-b-recadree.jpg\" alt=\"fete-1911-b-recadree\" \/><\/p>\n<p>&nbsp;<\/p>\n<p><img decoding=\"async\" class=\"aligncenter\" src=\"http:\/\/aeroclub-du-rouergue.com\/WordPress3\/wp-content\/gallery\/avions_historiques\/fete1911_0.jpg\" alt=\"fete1911_0\" \/><\/p>\n<p><span style=\"color: #888888;\">La m\u00eame ann\u00e9e, EMILE GASC, demeurant \u00e0 Martiel,<\/span><br \/>\n<span style=\"color: #888888;\"> construisit lui-m\u00eame son monoplan<\/span><br \/>\n<span style=\"color: #888888;\"> et le fit voler dans sa propri\u00e9t\u00e9 de LENQUE.<\/span><\/p>\n<p><img decoding=\"async\" class=\"aligncenter\" src=\"http:\/\/aeroclub-du-rouergue.com\/WordPress3\/wp-content\/gallery\/avions_historiques\/emile-gasc.jpg\" alt=\"emile-gasc\" \/><\/p>\n<h3><span style=\"color: #3366ff;\">Juin 1939 :<\/span><\/h3>\n<p><span style=\"color: #888888;\">Au cours des f\u00eates de la Saint Jean,<\/span><br \/>\n<span style=\"color: #888888;\"> une d\u00e9monstration a\u00e9rienne a lieu avec, entre autres, la participation<\/span><br \/>\n<span style=\"color: #888888;\"> d&rsquo;ADRIENNE BOLLANT et de \u00ab\u00a0trap\u00e9zistes-parachutistes\u00a0\u00bb.<\/span><\/p>\n<h3><span style=\"color: #3366ff;\">1933 :<\/span><\/h3>\n<p><span style=\"color: #888888;\">Un a\u00e9ro club naissant (en fait une section villefranchoise de l&rsquo;a\u00e9ro-club des Causses )<\/span><br \/>\n<span style=\"color: #888888;\"> organise un meeting sur le terrain jouxtant la route de Montauban<\/span><br \/>\n<span style=\"color: #888888;\"> (au niveau de l&rsquo;actuelle ZAC de la Gl\u00e8be).<\/span><br \/>\n<span style=\"color: #888888;\"> Participent \u00e0 ce meeting : MALINVAUD sur avion GOURDOU-LEUSSEURE, DELATY sur MORANE SAULNIER et NOUVEL de l&rsquo;AEROPOSTALE.<\/span><\/p>\n<h3><span style=\"color: #3366ff;\">Avril 1934 :<\/span><\/h3>\n<p><span style=\"color: #888888;\">Cr\u00e9ation des AILES VILLEFRANCHOISES,<\/span><br \/>\n<span style=\"color: #888888;\"> section de l&rsquo;A\u00e9ro club de l&rsquo;Aveyron.<\/span><br \/>\n<span style=\"color: #888888;\"> Des manifestations (promenades a\u00e9riennes, bapt\u00eames)<\/span><br \/>\n<span style=\"color: #888888;\"> sont organis\u00e9es sur le terrain de GAY pr\u00e8s de Saint R\u00e9my.<\/span><\/p>\n<p><span style=\"color: #888888;\">En septembre, un meeting a lieu sur le terrain de BERNUSSOU<\/span><br \/>\n<span style=\"color: #888888;\"> pr\u00e8s de Villefranche. De nombreux pilotes font de la voltige<\/span><br \/>\n<span style=\"color: #888888;\"> (encore appel\u00e9e \u00e0 cette \u00e9poque : \u00ab\u00a0acrobaties\u00a0\u00bb).<\/span><br \/>\n<span style=\"color: #888888;\"> Ce meeting est renouvel\u00e9 en Novembre.<\/span><\/p>\n<h3><span style=\"color: #3366ff;\">Juillet 1935 :<\/span><\/h3>\n<p><span style=\"color: #888888;\">On se plaint \u00e0 Villefranche de l&rsquo;absence d&rsquo;un terrain d&rsquo;aviation.<\/span><br \/>\n<span style=\"color: #888888;\"> En fin d&rsquo;ann\u00e9e, une f\u00eate a\u00e9rienne se d\u00e9roule \u00e0 Sainte Croix.<\/span><\/p>\n<h3><span style=\"color: #3366ff;\">1936 :<\/span><\/h3>\n<p><img decoding=\"async\" class=\"aligncenter\" src=\"http:\/\/aeroclub-du-rouergue.com\/WordPress3\/wp-content\/gallery\/avions_historiques\/aviation-populaire.jpg\" alt=\"aviation-populaire\" \/><\/p>\n<p><span style=\"color: #888888;\">Cr\u00e9ation de l&rsquo;AVIATION POPULAIRE,<\/span><br \/>\n<span style=\"color: #888888;\"> qui se juxtapose \u00e0 l&rsquo;a\u00e9ro club (cr\u00e9\u00e9 en 1933).<\/span><br \/>\n<span style=\"color: #888888;\"> Cette m\u00eame ann\u00e9e voit se d\u00e9rouler une manifestation<\/span><br \/>\n<span style=\"color: #888888;\"> sur le \u00ab\u00a0beau plateau de GRAVES\u00a0\u00bb.<\/span><br \/>\n<span style=\"color: #888888;\"> Les formalit\u00e9s n\u00e9cessaires \u00e0 l&rsquo;installation d&rsquo;un terrain tra\u00eenant,<\/span><br \/>\n<span style=\"color: #888888;\"> un a\u00e9rodrome est am\u00e9nag\u00e9 \u00e0 la BORIE DE CABROL pr\u00e8s de Sainte Croix.<\/span><\/p>\n<h3><span style=\"color: #3366ff;\">Juillet 1937 :<\/span><\/h3>\n<p><img decoding=\"async\" class=\"aligncenter\" src=\"http:\/\/aeroclub-du-rouergue.com\/WordPress3\/wp-content\/gallery\/avions_historiques\/aerodrome-cabrol.jpg\" alt=\"aerodrome-cabrol\" \/><\/p>\n<p><img decoding=\"async\" class=\"aligncenter\" src=\"http:\/\/aeroclub-du-rouergue.com\/WordPress3\/wp-content\/gallery\/avions_historiques\/cabrol02.jpg\" alt=\"cabrol02\" \/><\/p>\n<p><span style=\"color: #888888;\">A la Borie de Cabrol, un grand meeting est organis\u00e9<\/span><br \/>\n<span style=\"color: #888888;\"> avec la participation de MALINVAUD.<\/span><br \/>\n<span style=\"color: #888888;\"> A cette \u00e9poque le pilote instructeur \u00e9tait le villefranchois IRENEE JONQUIERES,<\/span><br \/>\n<span style=\"color: #888888;\"> possesseur d&rsquo;un avion Potez 36.<\/span><br \/>\n<span style=\"color: #888888;\"> L&rsquo;activit\u00e9 de ce club est importante, de nombreux pilotes sont form\u00e9s et<\/span><br \/>\n<span style=\"color: #888888;\"> beaucoup de Villefranchois font leur bapt\u00eame de l&rsquo;air.<\/span><\/p>\n<h3><span style=\"color: #3366ff;\">1939 \u00e0 1945 :<\/span><\/h3>\n<p><span style=\"color: #888888;\">Les avions du club sont confisqu\u00e9s<\/span><br \/>\n<span style=\"color: #888888;\"> et le terrain de la Borie de Cabrol est rendu impraticable.<\/span><\/p>\n<h3><span style=\"color: #3366ff;\">1945 :<\/span><\/h3>\n<p><span style=\"color: #888888;\">Recherche d&rsquo;un nouveau terrain.<\/span><br \/>\n<span style=\"color: #888888;\"> Pendant ce temps un STAMPE SV 4 est achet\u00e9 en Juillet 1947.<\/span><\/p>\n<p><img decoding=\"async\" class=\"aligncenter\" src=\"http:\/\/aeroclub-du-rouergue.com\/WordPress3\/wp-content\/gallery\/avions_historiques\/jonquiere-stampe-sv4.jpg\" alt=\"jonquiere-stampe-sv4\" \/><\/p>\n<address><span style=\"color: #888888;\">Ir\u00e9n\u00e9e Jonqui\u00e8res dans le Stampe SV4 baptis\u00e9 \u00ab\u00a0Le Rouergue\u00a0\u00bb.<\/span><\/address>\n<h3><span style=\"color: #3366ff;\">1950 :<\/span><\/h3>\n<p><span style=\"color: #888888;\">Un PIPER J3 est achet\u00e9.<\/span><\/p>\n<p><img decoding=\"async\" class=\"aligncenter\" src=\"http:\/\/aeroclub-du-rouergue.com\/WordPress3\/wp-content\/gallery\/avions_historiques\/piper-1950.jpg\" alt=\"piper-1950\" \/><\/p>\n<table border=\"0\" width=\"550\" align=\"center\">\n<tbody>\n<tr>\n<td valign=\"top\">\n<p align=\"left\"><span style=\"font-family: Geneva,Arial,Helvetica,san-serif; font-size: small;\"><a href=\"http:\/\/www.aeroclub-du-rouergue.com\/AeroClubOld\/\/cadre_historique.html\" target=\"_top\">\u00a0<\/a><\/span><\/p>\n<p align=\"center\"><img loading=\"lazy\" decoding=\"async\" src=\"http:\/\/www.aeroclub-du-rouergue.com\/AeroClubOld\/\/images_avions\/450\/vilef-apres-guerre.jpg\" alt=\"\" width=\"450\" height=\"314\" \/><\/p>\n<p style=\"text-align: left;\" align=\"center\"><span style=\"color: #4d7ec1; font-family: Geneva,Arial,Helvetica,san-serif; font-size: medium;\"><b>1953 :<span class=\"Apple-converted-space\">\u00a0<\/span><\/b><\/span><\/p>\n<p><img loading=\"lazy\" decoding=\"async\" src=\"http:\/\/www.aeroclub-du-rouergue.com\/AeroClubOld\/\/images_avions\/450\/graves-1953.jpg\" alt=\"\" width=\"450\" height=\"314\" \/><br \/>\n<span style=\"color: #888888; font-size: small;\">L&rsquo;a\u00e9rodrome \u00e0 ses d\u00e9buts (piste plus courte que l&rsquo;actuelle)<\/span><b><\/b><\/p>\n<p><span style=\"font-family: Geneva,Arial,Helvetica,san-serif; font-size: small;\"><b>Le club am\u00e9nage sur le terrain de GRAVES<\/b>, actuel a\u00e9rodrome<span class=\"Apple-converted-space\">\u00a0<\/span><br \/>\net prend le nom de AERO CLUB DU ROUERGUE.<\/span><\/p>\n<p><img loading=\"lazy\" decoding=\"async\" src=\"http:\/\/www.aeroclub-du-rouergue.com\/AeroClubOld\/\/images_avions\/450\/guerchais-roche.jpg\" alt=\"\" width=\"450\" height=\"285\" \/><\/p>\n<p>Le parc avions est compl\u00e9t\u00e9 par l&rsquo;achat d&rsquo;un GUERCHAIS ROCHE.<\/p>\n<p>&nbsp;<\/p>\n<p style=\"text-align: left;\" align=\"center\"><span style=\"color: #4d7ec1; font-family: Geneva,Arial,Helvetica,san-serif; font-size: medium;\"><b>17 Juillet 1955 :<\/b><\/span><\/p>\n<p><img loading=\"lazy\" decoding=\"async\" src=\"http:\/\/www.aeroclub-du-rouergue.com\/AeroClubOld\/\/images_avions\/450\/meeting-1955.jpg\" alt=\"\" width=\"450\" height=\"301\" \/><\/p>\n<p>Inauguration du nouveau terrain avec un<b><span class=\"Apple-converted-space\">\u00a0<\/span>grand meeting<\/b><span class=\"Apple-converted-space\">\u00a0<\/span>auquel participent entre autres :<br \/>\nLe chevalier d&rsquo;ORGEIX, champion de France de voltige,<br \/>\net le mannequin vedette de chez DIOR, Colette DUVAL,<span class=\"Apple-converted-space\">\u00a0<\/span><br \/>\nchampionne de France de parachutisme.<\/p>\n<p><img loading=\"lazy\" decoding=\"async\" src=\"http:\/\/www.aeroclub-du-rouergue.com\/AeroClubOld\/\/images_avions\/350\/chevalier-orgeix.jpg\" alt=\"\" width=\"350\" height=\"216\" \/><br \/>\n<span style=\"font-size: xx-small;\">Le Chevalier d&rsquo;Orgeix et sa panth\u00e8re<br \/>\n<\/span><br \/>\n<img loading=\"lazy\" decoding=\"async\" src=\"http:\/\/www.aeroclub-du-rouergue.com\/AeroClubOld\/\/images_avions\/350\/colette-duval.jpg\" alt=\"\" width=\"350\" height=\"256\" \/><span class=\"Apple-converted-space\">\u00a0<\/span><br \/>\n<span style=\"font-size: xx-small;\">Remise d&rsquo;un bouquet \u00e0 Colette Duval apr\u00e8s son saut en parachute<\/span><span class=\"Apple-converted-space\">\u00a0<\/span><\/p>\n<p>&nbsp;<\/p>\n<p style=\"text-align: left;\" align=\"center\"><span style=\"color: #4d7ec1; font-family: Geneva,Arial,Helvetica,san-serif; font-size: medium;\"><b>Dans les ann\u00e9es 60<\/b><\/span><span style=\"font-family: Geneva,Arial,Helvetica,san-serif; font-size: small;\">, l&rsquo;a\u00e9rodrome de GRAVES accueille<span class=\"Apple-converted-space\">\u00a0<\/span><br \/>\nles NORD 2501 (NORATLAS) de l&rsquo;arm\u00e9e de l&rsquo;air, venant de Toulouse Francazal.<\/span><\/p>\n<p><img loading=\"lazy\" decoding=\"async\" src=\"http:\/\/www.aeroclub-du-rouergue.com\/AeroClubOld\/\/images_avions\/350\/nordatlas-1962.jpg\" alt=\"\" width=\"350\" height=\"238\" \/><\/p>\n<p><img loading=\"lazy\" decoding=\"async\" src=\"http:\/\/www.aeroclub-du-rouergue.com\/AeroClubOld\/\/images_avions\/450\/nordatlas-groupe.jpg\" alt=\"\" width=\"450\" height=\"333\" \/><span class=\"Apple-converted-space\">\u00a0<\/span><\/p>\n<p>Le parc avions s&rsquo;agrandit, un Jodel AMBASSADEUR est achet\u00e9.<\/p>\n<p><img loading=\"lazy\" decoding=\"async\" src=\"http:\/\/www.aeroclub-du-rouergue.com\/AeroClubOld\/\/images_avions\/450\/ambassadeur.jpg\" alt=\"\" width=\"450\" height=\"311\" \/><\/p>\n<p>Irenn\u00e9e JONQUIERES \u00ab\u00a0baptise\u00a0\u00bb le Cardinal MARTY<span class=\"Apple-converted-space\">\u00a0<\/span><br \/>\net accueille souvent Georges POMPIDOU lors de ses venues sur le terrain de Graves.<\/p>\n<p><img loading=\"lazy\" decoding=\"async\" src=\"http:\/\/www.aeroclub-du-rouergue.com\/AeroClubOld\/\/images_avions\/450\/marty.jpg\" alt=\"\" width=\"450\" height=\"298\" \/><br \/>\n<span style=\"font-size: xx-small;\">Le Cardinal Marty qui part pour un bapt\u00eame de l&rsquo;air<\/span><span class=\"Apple-converted-space\">\u00a0<\/span><\/p>\n<p><img loading=\"lazy\" decoding=\"async\" src=\"http:\/\/www.aeroclub-du-rouergue.com\/AeroClubOld\/\/images_avions\/450\/pompidou.jpg\" alt=\"\" width=\"450\" height=\"305\" \/><br \/>\n<span style=\"font-size: xx-small;\">M. Georges Pompidou, premier ministre, et Madame entour\u00e9s de M. Ir\u00e9n\u00e9e Jonqui\u00e8res, pr\u00e9sident de l&rsquo;a\u00e9roclub, et M. Robert Roques, avant de prendre place dans l&rsquo;avion Aerocommander de la Protection Civile<span class=\"Apple-converted-space\">\u00a0<\/span><\/span><\/p>\n<p>Le Tour de France A\u00e9rien fait escale \u00e0 Villefranche.<\/p>\n<p><img loading=\"lazy\" decoding=\"async\" src=\"http:\/\/www.aeroclub-du-rouergue.com\/AeroClubOld\/\/images_avions\/450\/tour_de_france.jpg\" alt=\"\" width=\"450\" height=\"304\" \/><\/p>\n<p><span style=\"color: #4d7ec1; font-family: Geneva,Arial,Helvetica,san-serif; font-size: medium;\"><b><img loading=\"lazy\" decoding=\"async\" src=\"http:\/\/www.aeroclub-du-rouergue.com\/AeroClubOld\/\/images_avions\/450\/club.jpg\" alt=\"\" width=\"450\" height=\"312\" \/><\/b><\/span><\/p>\n<p><span style=\"font-family: Geneva,Arial,Helvetica,san-serif; font-size: small;\">De nouveaux avions sont achet\u00e9s :<br \/>\nUn MORANE SAULNIER MS 890 B, un JODEL WASSMER D 120 et un WASSMER BALADOU.<br \/>\nDepuis sa cr\u00e9ation, l&rsquo;A\u00e9ro club a toujours dispos\u00e9 d&rsquo;un moniteur instructeur pour former les nouveaux pilotes.<\/span><\/p>\n<p>Dans les ann\u00e9es 70 une section CNRA (constructeurs amateurs) voit le jour, men\u00e9e par DAYDOU,\u00a0 PASCAL, MAURY\u2026un premier avion JODEL D 92 \u00ab\u00a0B\u00e9b\u00e9\u00a0\u00bb est construit, d&rsquo;autres suivront.<\/p>\n<p><img loading=\"lazy\" decoding=\"async\" src=\"http:\/\/www.aeroclub-du-rouergue.com\/AeroClubOld\/\/images_avions\/450\/bebe-jodel.jpg\" alt=\"\" width=\"450\" height=\"314\" \/><span class=\"Apple-converted-space\">\u00a0<\/span><\/p>\n<p>&nbsp;<\/p>\n<p align=\"center\"><span style=\"color: #4d7ec1; font-family: Geneva,Arial,Helvetica,san-serif; font-size: medium;\"><b><i>Ainsi va l&rsquo;a\u00e9ro club\u2026au gr\u00e9 du vent.<\/i><\/b><\/span><\/p>\n<p align=\"center\"><span style=\"font-family: Geneva,Arial,Helvetica,san-serif; font-size: small;\">\u00a0<\/span><\/p>\n<p align=\"center\"><span style=\"color: #4d7ec1; font-family: Geneva,Arial,Helvetica,san-serif; font-size: medium;\"><span style=\"color: #000000; font-size: small;\">\u00a0<\/span><\/span><\/p>\n<\/td>\n<\/tr>\n<\/tbody>\n<\/table>\n","protected":false},"excerpt":{"rendered":"<p>Juin 1911 : D\u00e9buts de l&rsquo;activit\u00e9 a\u00e9ronautique \u00e0 Villefranche de Rouergue : pendant 3 jours des \u00ab\u00a0d\u00e9monstrations\u00a0\u00bb de vol moteur eurent lieu dans les pr\u00e9s de Treize-Pierres (actuellement magasin Leclerc) avec les aviateurs CHAUSSE et LUSETTI. &nbsp; La m\u00eame ann\u00e9e, EMILE GASC, demeurant \u00e0 Martiel, construisit lui-m\u00eame son monoplan et le fit voler dans sa [&hellip;]<\/p>\n","protected":false},"author":1,"featured_media":0,"parent":0,"menu_order":8,"comment_status":"open","ping_status":"open","template":"","meta":{"ngg_post_thumbnail":0,"spay_email":"","footnotes":""},"class_list":["post-19","page","type-page","status-publish","hentry"],"_links":{"self":[{"href":"https:\/\/aeroclub-du-rouergue.com\/WordPress3\/wp-json\/wp\/v2\/pages\/19","targetHints":{"allow":["GET"]}}],"collection":[{"href":"https:\/\/aeroclub-du-rouergue.com\/WordPress3\/wp-json\/wp\/v2\/pages"}],"about":[{"href":"https:\/\/aeroclub-du-rouergue.com\/WordPress3\/wp-json\/wp\/v2\/types\/page"}],"author":[{"embeddable":true,"href":"https:\/\/aeroclub-du-rouergue.com\/WordPress3\/wp-json\/wp\/v2\/users\/1"}],"replies":[{"embeddable":true,"href":"https:\/\/aeroclub-du-rouergue.com\/WordPress3\/wp-json\/wp\/v2\/comments?post=19"}],"version-history":[{"count":15,"href":"https:\/\/aeroclub-du-rouergue.com\/WordPress3\/wp-json\/wp\/v2\/pages\/19\/revisions"}],"predecessor-version":[{"id":1042,"href":"https:\/\/aeroclub-du-rouergue.com\/WordPress3\/wp-json\/wp\/v2\/pages\/19\/revisions\/1042"}],"wp:attachment":[{"href":"https:\/\/aeroclub-du-rouergue.com\/WordPress3\/wp-json\/wp\/v2\/media?parent=19"}],"curies":[{"name":"wp","href":"https:\/\/api.w.org\/{rel}","templated":true}]}}